0
In base 5, what is 10 - 12142?
-12132
In base 14, what is 22b8 + 5b?
2335
In base 8, what is 443 - 671?
-226
In base 4, what is -1223 - -1231003?
1223120
In base 3, what is -10002020011220 - 1?
-10002020011221
In base 12, what is 3632 + a?
3640
In base 12, what is 870 - 0?
870
In base 14, what is 5a + 1c51?
1cab
In base 12, what is -1 - 11340?
-11341
In base 10, what is 782 - 962?
-180
In base 14, what is -7d8 + 187?
-651
In base 4, what is 331132 - 10?
331122
In base 14, what is -11 - -17dc?
17cb
In base 3, what is 10 + -12212020221?
-12212020211
In base 4, what is 110120202 - 13?
110120123
In base 2, what is 1000010111110100000 + 111?
1000010111110100111
In base 14, what is 22 + -1b2?
-190
In base 4, what is 133213102 + 3?
133213111
In base 3, what is 12 - 200010022202?
-200010022120
In base 3, what is 102020002002 - -11?
102020002020
In base 15, what is -10b4d + -1?
-10b4e
In base 12, what is -6 - -50a?
504
In base 2, what is 0 - -100010111001001?
100010111001001
In base 16, what is 35 + -629?
-5f4
In base 11, what is 1422 - -50?
1472
In base 4, what is 1210 - -100?
1310
In base 15, what is -17 - 43ec?
-4414
In base 12, what is 206a195 + -3?
206a192
In base 2, what is 100001101001001 + 10011111?
100001111101000
In base 14, what is -3 + 4c8c?
4c89
In base 6, what is -11 + 241443?
241432
In base 12, what is 69b47 - -1?
69b48
In base 7, what is -13 - -13603?
13560
In base 16, what is 15 + -3d22?
-3d0d
In base 4, what is -1311233323 + -12?
-1311300001
In base 7, what is -142036 + -2?
-142041
In base 3, what is 121200 - 1111202?
-220002
In base 12, what is 51945 + 1?
51946
In base 11, what is 2 + -7a1?
-79a
In base 5, what is 2 + 1134040?
1134042
In base 9, what is 460116 + 2?
460118
In base 16, what is -12 - -e1d?
e0b
In base 10, what is 7 - 9247?
-9240
In base 16, what is -1f38 + 13?
-1f25
In base 15, what is 483 + -19?
469
In base 9, what is 1021170 + 2?
1021172
In base 9, what is 205701 + 0?
205701
In base 10, what is 4 + 44172?
44176
In base 5, what is 4001 - -22041?
31042
In base 9, what is -44775 + -1?
-44776
In base 3, what is -100021220 - 12?
-100022002
In base 13, what is -4 - -2309c6?
2309c2
In base 3, what is -110201 - -10022?
-100102
In base 5, what is -32 - -3423113?
3423031
In base 2, what is -11 + -1000000011110000?
-1000000011110011
In base 2, what is 1001010001111101 - -11000?
1001010010010101
In base 9, what is 15148 + -53?
15085
In base 13, what is 10 - -1147?
1157
In base 4, what is 1300 - 2111?
-211
In base 10, what is 8 - 480?
-472
In base 4, what is -11 + 232103?
232032
In base 5, what is 44300413 - -10?
44300423
In base 14, what is -2ca933 - -3?
-2ca930
In base 9, what is -1113 - 54?
-1167
In base 10, what is -171 - 153?
-324
In base 11, what is 21764 - 8?
21757
In base 14, what is -4 + 9427?
9423
In base 10, what is 49068 - 15?
49053
In base 2, what is 100110001001 + 11011?
100110100100
In base 11, what is -1 - 1128a0a?
-1128a10
In base 9, what is -11417 - 14?
-11432
In base 11, what is -578 + 544?
-34
In base 8, what is -6 - 721?
-727
In base 9, what is 6 + 340755?
340762
In base 13, what is -5029 + -3?
-502c
In base 5, what is -30104 + 10?
-30044
In base 5, what is 33043 - -4?
33102
In base 9, what is 184 + 8?
203
In base 12, what is -3 - -2b945?
2b942
In base 10, what is -1821 - -85?
-1736
In base 15, what is 243 - 62?
1d1
In base 8, what is -676 + 103?
-573
In base 14, what is 15 - 1a7d?
-1a68
In base 15, what is -3c46 + 4b?
-3bea
In base 14, what is -19a68 + 1?
-19a67
In base 13, what is -5 - 99c9?
-9a01
In base 6, what is -1031 - 3?
-1034
In base 6, what is 4352433 - -3?
4352440
In base 2, what is 1100101001 - -101000111?
10001110000
In base 13, what is -3 + 75c39?
75c36
In base 6, what is 52521 - 4?
52513
In base 4, what is -31 + -2213?
-2310
In base 11, what is -7 + -3046a?
-30476
In base 8, what is 2772 + 16?
3010
In base 16, what is -e74f - -3?
-e74c
In base 15, what is -2b + 3a7?
37b
In base 13, what is -2 - 48a1c0?
-48a1c2
In base 12, what is abb + 181?
1080
In base 7, what is -23 - 342023?
-342046
In base 8, what is -532132 - 2?
-532134
In base 10, what is -118112 + 5?
-118107
In base 13, what is -119 + -214?
-330
In base 16, what is -1 - 50a27?
-50a28
In base 5, what is -10 - -41342?
41332
In base 10, what is 19273 - 8?
19265
In base 13, what is -20b5a + 2?
-20b58
In base 13, what is -2 + -162a18?
-162a1a
In base 15, what is -28b85 - 1?
-28b86
In base 2, what is -11110011 + 1000100111011?
1000001001000
In base 6, what is 23 - -143334?
143401
In base 10, what is -10594 - -4?
-10590
In base 16, what is 8a - -10?
9a
In base 5, what is -104 + -12113323?
-12113432
In base 4, what is 23213 + -111?
23102
In base 6, what is 4 + -350035?
-350031
In base 15, what is a89 + -3a?
a4e
In base 15, what is -161 + 388?
227
In base 15, what is 80 + 1099?
1129
In base 2, what is 1000110101011 - 1001011?
1000101100000
In base 15, what is 45b + -11?
44a
In base 16, what is -3631 + 0?
-3631
In base 10, what is 76 + 356?
432
In base 3, what is 10 + -112011112?
-112011102
In base 16, what is -19 + -1e52?
-1e6b
In base 12, what is -b83 + 17?
-b68
In base 7, what is 44642 + 303?
45245
In base 5, what is -134 - 10103?
-10242
In base 15, what is -17 + -3d0d?
-3d25
In base 11, what is -24 + -638?
-661
In base 4, what is -122301202 + 12?
-122301130
In base 7, what is 161 - 2655?
-2464
In base 6, what is -3350 - -3?
-3343
In base 15, what is -17 + -5d?
-75
In base 14, what is 101 + 79?
17a
In base 8, what is -231 - 406?
-637
In base 6, what is 3520120 - 3?
3520113
In base 10, what is -9 + 7504?
7495
In base 4, what is 21 - -33223?
33310
In base 16, what is -3d886 - 3?
-3d889
In base 14, what is 59b2 + 3?
59b5
In base 8, what is -1 + -14720?
-14721
In base 6, what is -52 - -304005?
303513
In base 9, what is 133 - 3407?
-3264
In base 10, what is -6054 - -16?
-6038
In base 2, what is -1101110101100 - -101?
-1101110100111
In base 15, what is 4 + 1acc?
1ad1
In base 14, what is 0 - -1dcd?
1dcd
In base 6, what is 1423525 + 34?
1424003
In base 10, what is -51395 - -2?
-51393
In base 4, what is 13122023 + 33?
13122122
In base 10, what is 1038 + -30?
1008
In base 11, what is 372 - 720?
-359
In base 14, what is 5 - -871a4?
871a9
In base 8, what is 5620116 - 2?
5620114
In base 15, what is -3 + -2687e?
-26882
In base 12, what is -6 - -1b4?
1aa
In base 10, what is 100 - 2?
98
In base 14, what is 3413 - 1ad?
3244
In base 15, what is -4 + 6ae8?
6ae4
In base 11, what is -56a6 - 16?
-5711
In base 2, what is -111 - 111101110110101?
-111101110111100
In base 3, what is -1022201 + 2211?
-1012220
In base 16, what is e3 + -92?
51
In base 13, what is 60306 - -5?
6030b
In base 5, what is -1020400 - 32?
-1020432
In base 14, what is 7a - -10a?
186
In base 4, what is -110 - 220121311?
-220122021
In base 14, what is a5 + -135?
-70
In base 14, what is -7c - -3b8?
33a
In base 11, what is -1359 + 16?
-1343
In base 14, what is 948d - 10?
947d
In base 14, what is -174 + 79?
-d9
In base 11, what is 4 - -490476?
49047a
In base 12, what is 15256 + -6?
15250
In base 7, what is 111 - -2033?
2144
In base 2, what is 11110101 + 10111101100?
11011100001
In base 15, what is 9d52 - -15?
9d67
In base 13, what is 446 + 720?
b66
In base 3, what is 110011022 + -2?
110011020
In base 11, what is 6 - -39685?
39690
In base 11, what is -7264 + 3?
-7261
In base 2, what is 10001100100001110001 - -101?
10001100100001110110
In base 10, what is -687 + -282?
-969
In base 12, what is -15 + -24a86?
-24a9b
In base 14, what is 2718 + 9?
2723
In base 3, what is 111121 + 22220000?
100101121
In base 7, what is 243534 + -2?
243532
In base 10, what is 6984 + -5?
6979
In base 12, what is -1a0 - -199b?
17bb
In base 8, what is 445117 + 2?
445121
In base 16, what is 1 - 37ee?
-37ed
In base 15, what is -ae + 27a?
1bb
In base 5, what is 123322 - -110?
123432
In base 6, what is 211 + -41520?
-41305
In base 3, what is 11121 + -122202?
-111011
In base 11, what is 3887a6 + -4?
3887a2
In base 2, what is 11000000100011 + 0?
11000000100011
In base 6, what is -45053 + 25?
-45024
In base 8, what is 1271 - -7403?
10674
In base 4, what is -1331 + -330032?
-332023
In base 16, what is 10 - cccd?
-ccbd
In base 11, what is -298 - 61?
-349
In base 6, what is 4 + -2144040?
-2144032
In base 8, what is -4 + 170505?
170501
